{"id":8701,"date":"2026-07-11T13:06:39","date_gmt":"2026-07-11T13:06:39","guid":{"rendered":"https:\/\/filatelia.cuentista.es\/product\/sobre-primer-dia-fdc-paises-bajos-1995-festival-gustav-mahler-musica-variante-nvph-334"},"modified":"2026-07-11T13:06:42","modified_gmt":"2026-07-11T13:06:42","slug":"sobre-primer-dia-fdc-paises-bajos-1995-festival-gustav-mahler-musica-variante-nvph-334","status":"publish","type":"product","link":"https:\/\/filatelia.cuentista.es\/en\/product\/sobre-primer-dia-fdc-paises-bajos-1995-festival-gustav-mahler-musica-variante-nvph-334","title":{"rendered":"Sobre Primer D\u00eda FDC Pa\u00edses Bajos 1995 &#8211; Festival Gustav Mahler M\u00fasica Variante NVPH 334"},"content":{"rendered":"<p>Una hermosa segunda unidad ideal para comerciantes filat\u00e9licos o para exponer de forma doble el reverso y el anverso en colecciones tem\u00e1ticas de m\u00fasica y compositores del siglo XX.<\/p>\n<p><strong>Motivo:<\/strong> Conmemoraci\u00f3n del festival Mahler Feest 1995. Luce la ic\u00f3nica estampa de Mahler paseando con abrigo largo sobre el fondo degradado azul.<\/p>\n<p><strong>Fecha de emisi\u00f3n:<\/strong> 21 de marzo de 1995.<\/p>\n<p><strong>Franqueo:<\/strong> Sello individual de 80 c\u00e9ntimos de flor\u00edn con el perfil de Mahler en el atril.<\/p>\n<p><strong>Matasellos:<\/strong> Doble aplicaci\u00f3n n\u00edtida del matasellos especial de primer d\u00eda con forma de pentagrama musical con notas musicales (\u00abDen Haag, 21 Maart 1995\u00bb).<\/p>\n<p><strong>Firma editorial:<\/strong> Edici\u00f3n oficial protegida de la NVPH, identificada bajo las siglas \u00abNVPH Nr. 334\u00bb.<\/p>\n<p><strong>Estado:<\/strong> Excelente estado de conservaci\u00f3n, liso y con los colores azulados del cachet perfectos.<\/p>","protected":false},"excerpt":{"rendered":"<p>Segunda unidad del sobre de primer d\u00eda (FDC) oficial emitido el 21 de marzo de 1995. Homenaje al festival internacional de m\u00fasica cl\u00e1sica de Gustav Mahler.<\/p>","protected":false},"featured_media":8700,"comment_status":"open","ping_status":"closed","template":"","meta":[],"product_brand":[],"product_cat":[2176,19],"product_tag":[2174,190,2552,2604,2603,2022,195,2607,2594,2606,258],"class_list":["post-8701","product","type-product","status-publish","has-post-thumbnail","product_cat-nederland","product_cat-spd-sobres-primer-dia","product_tag-den-haag","product_tag-fdc","product_tag-florines","product_tag-gustav-mahler","product_tag-mahler-feest","product_tag-musica-clasica","product_tag-nederland","product_tag-nvph-334","product_tag-paises-bajos-1995","product_tag-pentagrama","product_tag-sobre-primer-dia","thunk-woo-product-list","opn-qv-enable","open-woo-hover-zoom","open-single-product-tab-horizontal","open-shadow-","open-shadow-hover-","first","instock","shipping-taxable","purchasable","product-type-simple"],"jetpack_sharing_enabled":true,"_links":{"self":[{"href":"https:\/\/filatelia.cuentista.es\/en\/wp-json\/wp\/v2\/product\/8701","targetHints":{"allow":["GET"]}}],"collection":[{"href":"https:\/\/filatelia.cuentista.es\/en\/wp-json\/wp\/v2\/product"}],"about":[{"href":"https:\/\/filatelia.cuentista.es\/en\/wp-json\/wp\/v2\/types\/product"}],"replies":[{"embeddable":true,"href":"https:\/\/filatelia.cuentista.es\/en\/wp-json\/wp\/v2\/comments?post=8701"}],"version-history":[{"count":0,"href":"https:\/\/filatelia.cuentista.es\/en\/wp-json\/wp\/v2\/product\/8701\/revisions"}],"wp:featuredmedia":[{"embeddable":true,"href":"https:\/\/filatelia.cuentista.es\/en\/wp-json\/wp\/v2\/media\/8700"}],"wp:attachment":[{"href":"https:\/\/filatelia.cuentista.es\/en\/wp-json\/wp\/v2\/media?parent=8701"}],"wp:term":[{"taxonomy":"product_brand","embeddable":true,"href":"https:\/\/filatelia.cuentista.es\/en\/wp-json\/wp\/v2\/product_brand?post=8701"},{"taxonomy":"product_cat","embeddable":true,"href":"https:\/\/filatelia.cuentista.es\/en\/wp-json\/wp\/v2\/product_cat?post=8701"},{"taxonomy":"product_tag","embeddable":true,"href":"https:\/\/filatelia.cuentista.es\/en\/wp-json\/wp\/v2\/product_tag?post=8701"}],"curies":[{"name":"wp","href":"https:\/\/api.w.org\/{rel}","templated":true}]}}

Sobre Primer Día FDC Países Bajos 1995 &#8211; Festival Gustav Mahler Música Variante NVPH 334

<p>Una hermosa segunda unidad ideal para comerciantes filatélicos o para exponer de forma doble el reverso y el anverso en colecciones temáticas de música y compositores del siglo XX.</p>
<p><strong>Motivo:</strong> Conmemoración del festival Mahler Feest 1995. Luce la icónica estampa de Mahler paseando con abrigo largo sobre el fondo degradado azul.</p>
<p><strong>Fecha de emisión:</strong> 21 de marzo de 1995.</p>
<p><strong>Franqueo:</strong> Sello individual de 80 céntimos de florín con el perfil de Mahler en el atril.</p>
<p><strong>Matasellos:</strong> Doble aplicación nítida del matasellos especial de primer día con forma de pentagrama musical con notas musicales («Den Haag, 21 Maart 1995»).</p>
<p><strong>Firma editorial:</strong> Edición oficial protegida de la NVPH, identificada bajo las siglas «NVPH Nr. 334».</p>
<p><strong>Estado:</strong> Excelente estado de conservación, liso y con los colores azulados del cachet perfectos.</p>

<p>Segunda unidad del sobre de primer día (FDC) oficial emitido el 21 de marzo de 1995. Homenaje al festival internacional de música clásica de Gustav Mahler.</p>
