{"id":6322,"date":"2024-11-09T07:59:59","date_gmt":"2024-11-09T07:59:59","guid":{"rendered":"https:\/\/filatelia.cuentista.es\/product\/sello-argentina-1947-semana-de-la-aeronautica-15c-granate-usado"},"modified":"2024-11-09T08:00:03","modified_gmt":"2024-11-09T08:00:03","slug":"sello-argentina-1947-semana-de-la-aeronautica-15c-granate-usado","status":"publish","type":"product","link":"https:\/\/filatelia.cuentista.es\/en\/product\/sello-argentina-1947-semana-de-la-aeronautica-15c-granate-usado","title":{"rendered":"Sello Argentina 1947 &#8211; Semana de la Aeron\u00e1utica &#8211; 15c Granate Usado"},"content":{"rendered":"<p>Icarus Falling<\/p>\n<p><img class=\"size-full\"><img class=\"size-full\"><\/p>\n<p>Pa\u00eds:<\/p>\n<p>Argentina<\/p>\n<p>Serie:<\/p>\n<p>Aviation Week &#8211; 1947<\/p>\n<p>C\u00f3digo de cat\u00e1logo:<\/p>\n<p>Michel AR 543<\/p>\n<p>Stamp Number AR 566<\/p>\n<p>Yvert et Tellier AR 490<\/p>\n<p>Stanley Gibbons AR 794<\/p>\n<p>Gz (Cefiloza) AR 640<\/p>\n<p>G\u00f6tig and Jalil AR 948<\/p>\n<p>Tiene variantes menores: 1<\/p>\n<p>Temas:<\/p>\n<p>Aviaci\u00f3n | Aviones | Leyendas<\/p>\n<p>Fecha emisi\u00f3n:<\/p>\n<p>1947-09-25<\/p>\n<p>Tama\u00f1o:<\/p>\n<p>37.5 x 26 mm<\/p>\n<p>Colores:<\/p>\n<p>Burdeos<\/p>\n<p>Marca de agua:<\/p>\n<p>Sin Marca de agua<\/p>\n<p>Formato:<\/p>\n<p>Sello<\/p>\n<p>Emisi\u00f3n:<\/p>\n<p>Conmemorativo<\/p>\n<p>Perforaci\u00f3n:<\/p>\n<p>13\u00bc x 13<\/p>\n<p>Impresi\u00f3n:<\/p>\n<p>Litograf\u00eda offset<\/p>\n<p>Papel:<\/p>\n<p>National, horizontally grained<\/p>\n<p>Valor facial:<\/p>\n<p>15 \u00a2 &#8211; Centavo Argentino<\/p>\n<p>Tiraje:<\/p>\n<p>2.000.000<\/p>\n<p><a href=\"https:\/\/colnect.com\/stamps\/stamp\/211036\">https:\/\/colnect.com\/stamps\/stamp\/211036<\/a><\/p>","protected":false},"excerpt":{"rendered":"<p>Icarus Falling Pa\u00eds: Argentina Serie: Aviation Week &#8211; 1947 C\u00f3digo de cat\u00e1logo: Michel AR 543 Stamp Number AR 566 Yvert et Tellier AR 490 Stanley Gibbons AR 794 Gz (Cefiloza) AR 640 G\u00f6tig and Jalil AR 948 Tiene variantes menores: 1 Temas: Aviaci\u00f3n | Aviones | Leyendas Fecha emisi\u00f3n: 1947-09-25 Tama\u00f1o: 37.5 x 26 mm &hellip;<\/p>\n<p class=\"read-more\"> <a class=\"thunk-readmore button\" href=\"https:\/\/filatelia.cuentista.es\/en\/product\/sello-argentina-1947-semana-de-la-aeronautica-15c-granate-usado\"> <span class=\"screen-reader-text\">Sello Argentina 1947 &#8211; Semana de la Aeron\u00e1utica &#8211; 15c Granate Usado<\/span>Read More<\/a><\/p>","protected":false},"featured_media":6321,"comment_status":"open","ping_status":"closed","template":"","meta":[],"product_brand":[],"product_cat":[1568,20],"product_tag":[],"class_list":["post-6322","product","type-product","status-publish","has-post-thumbnail","product_cat-argentina","product_cat-sellos-usados","thunk-woo-product-list","opn-qv-enable","open-woo-hover-zoom","open-single-product-tab-horizontal","open-shadow-","open-shadow-hover-","first","instock","shipping-taxable","purchasable","product-type-simple"],"jetpack_sharing_enabled":true,"_links":{"self":[{"href":"https:\/\/filatelia.cuentista.es\/en\/wp-json\/wp\/v2\/product\/6322","targetHints":{"allow":["GET"]}}],"collection":[{"href":"https:\/\/filatelia.cuentista.es\/en\/wp-json\/wp\/v2\/product"}],"about":[{"href":"https:\/\/filatelia.cuentista.es\/en\/wp-json\/wp\/v2\/types\/product"}],"replies":[{"embeddable":true,"href":"https:\/\/filatelia.cuentista.es\/en\/wp-json\/wp\/v2\/comments?post=6322"}],"version-history":[{"count":0,"href":"https:\/\/filatelia.cuentista.es\/en\/wp-json\/wp\/v2\/product\/6322\/revisions"}],"wp:featuredmedia":[{"embeddable":true,"href":"https:\/\/filatelia.cuentista.es\/en\/wp-json\/wp\/v2\/media\/6321"}],"wp:attachment":[{"href":"https:\/\/filatelia.cuentista.es\/en\/wp-json\/wp\/v2\/media?parent=6322"}],"wp:term":[{"taxonomy":"product_brand","embeddable":true,"href":"https:\/\/filatelia.cuentista.es\/en\/wp-json\/wp\/v2\/product_brand?post=6322"},{"taxonomy":"product_cat","embeddable":true,"href":"https:\/\/filatelia.cuentista.es\/en\/wp-json\/wp\/v2\/product_cat?post=6322"},{"taxonomy":"product_tag","embeddable":true,"href":"https:\/\/filatelia.cuentista.es\/en\/wp-json\/wp\/v2\/product_tag?post=6322"}],"curies":[{"name":"wp","href":"https:\/\/api.w.org\/{rel}","templated":true}]}}

Sello Argentina 1947 &#8211; Semana de la Aeronáutica &#8211; 15c Granate Usado

<p>Icarus Falling</p>
<p><img class="size-full"><img class="size-full"></p>
<p>País:</p>
<p>Argentina</p>
<p>Serie:</p>
<p>Aviation Week &#8211; 1947</p>
<p>Código de catálogo:</p>
<p>Michel AR 543</p>
<p>Stamp Number AR 566</p>
<p>Yvert et Tellier AR 490</p>
<p>Stanley Gibbons AR 794</p>
<p>Gz (Cefiloza) AR 640</p>
<p>Götig and Jalil AR 948</p>
<p>Tiene variantes menores: 1</p>
<p>Temas:</p>
<p>Aviación | Aviones | Leyendas</p>
<p>Fecha emisión:</p>
<p>1947-09-25</p>
<p>Tamaño:</p>
<p>37.5 x 26 mm</p>
<p>Colores:</p>
<p>Burdeos</p>
<p>Marca de agua:</p>
<p>Sin Marca de agua</p>
<p>Formato:</p>
<p>Sello</p>
<p>Emisión:</p>
<p>Conmemorativo</p>
<p>Perforación:</p>
<p>13¼ x 13</p>
<p>Impresión:</p>
<p>Litografía offset</p>
<p>Papel:</p>
<p>National, horizontally grained</p>
<p>Valor facial:</p>
<p>15 ¢ &#8211; Centavo Argentino</p>
<p>Tiraje:</p>
<p>2.000.000</p>
<p><a href="https://colnect.com/stamps/stamp/211036">https://colnect.com/stamps/stamp/211036</a></p>

<p>Icarus Falling País: Argentina Serie: Aviation Week &#8211; 1947 Código de catálogo: Michel AR 543 Stamp Number AR 566 Yvert et Tellier AR 490 Stanley Gibbons AR 794 Gz (Cefiloza) AR 640 Götig and Jalil AR 948 Tiene variantes menores: 1 Temas: Aviación | Aviones | Leyendas Fecha emisión: 1947-09-25 Tamaño: 37.5 x 26 mm &hellip;</p>
<p class="read-more"> <a class="thunk-readmore button" href="https://filatelia.cuentista.es/en/product/sello-argentina-1947-semana-de-la-aeronautica-15c-granate-usado"> <span class="screen-reader-text">Sello Argentina 1947 &#8211; Semana de la Aeronáutica &#8211; 15c Granate Usado</span>Read More</a></p>
