{"id":366,"date":"2024-07-20T06:38:23","date_gmt":"2024-07-20T06:38:23","guid":{"rendered":"https:\/\/filatelia.cuentista.es\/product\/milenario-de-la-catedral-de-gerona-2"},"modified":"2024-09-29T05:58:19","modified_gmt":"2024-09-29T05:58:19","slug":"milenario-de-la-catedral-de-gerona-2","status":"publish","type":"product","link":"https:\/\/filatelia.cuentista.es\/en\/product\/milenario-de-la-catedral-de-gerona-2","title":{"rendered":"Sobre Primer D\u00eda 1975 &#8211; Espa\u00f1a &#8211; Milenario del Beatus de la catedral de Gerona &#8211; 2 Valores"},"content":{"rendered":"<p>Sobre Primer D\u00eda 1975 &#8211; Espa\u00f1a &#8211; Milenario del Beatus de la catedral de Gerona &#8211; 2 Valores<\/p>\n<p>Valores de 1 y 12 Ptas<\/p>\n<p>Fecha de Emision : 20 Septiembre de 1975<\/p>\n<p>Milenario del Beato de la Catedral de Girona en sobre Alfil<\/p>\n<p>Matasellado de Barcelona<\/p>\n<p>&nbsp;<\/p>\n<p><strong>Sobre la serie de sellos (no es parte de este producto)<\/strong><\/p>\n<p>8 sellos en total (EDIFIL 2284 al 2291)<\/p>\n<p><img loading=\"lazy\" decoding=\"async\" class=\"alignnone size-medium wp-image-3471\" src=\"https:\/\/filatelia.cuentista.es\/wp-content\/uploads\/2024\/09\/Captura-de-pantalla-2024-09-29-a-las-7.51.40-300x289.png\" alt=\"\" width=\"300\" height=\"289\" srcset=\"https:\/\/filatelia.cuentista.es\/wp-content\/uploads\/2024\/09\/Captura-de-pantalla-2024-09-29-a-las-7.51.40-300x289.png 300w, https:\/\/filatelia.cuentista.es\/wp-content\/uploads\/2024\/09\/Captura-de-pantalla-2024-09-29-a-las-7.51.40-12x12.png 12w, https:\/\/filatelia.cuentista.es\/wp-content\/uploads\/2024\/09\/Captura-de-pantalla-2024-09-29-a-las-7.51.40.png 426w\" sizes=\"auto, (max-width: 300px) 100vw, 300px\" \/><\/p>","protected":false},"excerpt":{"rendered":"<p>Sobre Primer D\u00eda 1975 &#8211; Espa\u00f1a &#8211; Milenario del Beatus de la catedral de Gerona &#8211; 2 Valores<\/p>\n<p>Valores de 1 y 12 Ptas<\/p>\n<p>Fecha de Emision : 20 Septiembre de 1975<\/p>\n<p>&nbsp;<\/p>","protected":false},"featured_media":3474,"comment_status":"open","ping_status":"closed","template":"","meta":{"_acf_changed":false},"product_brand":[],"product_cat":[663,19],"product_tag":[70,190,189],"class_list":{"0":"post-366","1":"product","2":"type-product","3":"status-publish","4":"has-post-thumbnail","6":"product_cat-espana","7":"product_cat-spd-sobres-primer-dia","8":"product_tag-70","9":"product_tag-fdc","10":"product_tag-spd","11":"thunk-woo-product-list","12":"opn-qv-enable","13":"open-woo-hover-zoom","14":"open-single-product-tab-horizontal","15":"open-shadow-","16":"open-shadow-hover-","18":"first","19":"instock","20":"shipping-taxable","21":"purchasable","22":"product-type-simple"},"acf":[],"jetpack_sharing_enabled":true,"_links":{"self":[{"href":"https:\/\/filatelia.cuentista.es\/en\/wp-json\/wp\/v2\/product\/366","targetHints":{"allow":["GET"]}}],"collection":[{"href":"https:\/\/filatelia.cuentista.es\/en\/wp-json\/wp\/v2\/product"}],"about":[{"href":"https:\/\/filatelia.cuentista.es\/en\/wp-json\/wp\/v2\/types\/product"}],"replies":[{"embeddable":true,"href":"https:\/\/filatelia.cuentista.es\/en\/wp-json\/wp\/v2\/comments?post=366"}],"wp:featuredmedia":[{"embeddable":true,"href":"https:\/\/filatelia.cuentista.es\/en\/wp-json\/wp\/v2\/media\/3474"}],"wp:attachment":[{"href":"https:\/\/filatelia.cuentista.es\/en\/wp-json\/wp\/v2\/media?parent=366"}],"wp:term":[{"taxonomy":"product_brand","embeddable":true,"href":"https:\/\/filatelia.cuentista.es\/en\/wp-json\/wp\/v2\/product_brand?post=366"},{"taxonomy":"product_cat","embeddable":true,"href":"https:\/\/filatelia.cuentista.es\/en\/wp-json\/wp\/v2\/product_cat?post=366"},{"taxonomy":"product_tag","embeddable":true,"href":"https:\/\/filatelia.cuentista.es\/en\/wp-json\/wp\/v2\/product_tag?post=366"}],"curies":[{"name":"wp","href":"https:\/\/api.w.org\/{rel}","templated":true}]}}

Sobre Primer Día 1975 &#8211; España &#8211; Milenario del Beatus de la catedral de Gerona &#8211; 2 Valores

<p>Sobre Primer Día 1975 &#8211; España &#8211; Milenario del Beatus de la catedral de Gerona &#8211; 2 Valores</p>
<p>Valores de 1 y 12 Ptas</p>
<p>Fecha de Emision : 20 Septiembre de 1975</p>
<p>Milenario del Beato de la Catedral de Girona en sobre Alfil</p>
<p>Matasellado de Barcelona</p>
<p>&nbsp;</p>
<p><strong>Sobre la serie de sellos (no es parte de este producto)</strong></p>
<p>8 sellos en total (EDIFIL 2284 al 2291)</p>
<p><img loading="lazy" decoding="async" class="alignnone size-medium wp-image-3471" src="https://filatelia.cuentista.es/wp-content/uploads/2024/09/Captura-de-pantalla-2024-09-29-a-las-7.51.40-300x289.png" alt="" width="300" height="289" srcset="https://filatelia.cuentista.es/wp-content/uploads/2024/09/Captura-de-pantalla-2024-09-29-a-las-7.51.40-300x289.png 300w, https://filatelia.cuentista.es/wp-content/uploads/2024/09/Captura-de-pantalla-2024-09-29-a-las-7.51.40-12x12.png 12w, https://filatelia.cuentista.es/wp-content/uploads/2024/09/Captura-de-pantalla-2024-09-29-a-las-7.51.40.png 426w" sizes="auto, (max-width: 300px) 100vw, 300px" /></p>

<p>Sobre Primer Día 1975 &#8211; España &#8211; Milenario del Beatus de la catedral de Gerona &#8211; 2 Valores</p>
<p>Valores de 1 y 12 Ptas</p>
<p>Fecha de Emision : 20 Septiembre de 1975</p>
<p>&nbsp;</p>
