{"id":1574,"date":"2024-08-15T13:38:05","date_gmt":"2024-08-15T13:38:05","guid":{"rendered":"https:\/\/filatelia.cuentista.es\/product\/sello-uruguay-1945-jose-pedro-varela-usado"},"modified":"2024-12-15T20:42:06","modified_gmt":"2024-12-15T20:42:06","slug":"sello-uruguay-1945-jose-pedro-varela-usado","status":"publish","type":"product","link":"https:\/\/filatelia.cuentista.es\/en\/product\/sello-uruguay-1945-jose-pedro-varela-usado","title":{"rendered":"Sello uruguay 1945, Jos\u00e9 Pedro Varela, Usado"},"content":{"rendered":"<p>Sello uruguay 1945, Jos\u00e9 Pedro Varela, Usado<\/p>\n<p>Yvert 564<\/p>\n<h2 class=\"wp-block-heading\" style=\"padding: 0px;margin-top: calc(0.666 * var(--global--spacing-vertical));margin-right: auto;margin-bottom: calc(0.666 * var(--global--spacing-vertical));margin-left: auto;clear: both;font-family: -apple-system, BlinkMacSystemFont,\">Jos\u00e9 Pedro Varela<\/h2>\n<p style=\"padding: 0px;margin-top: calc(0.666 * var(--global--spacing-vertical));margin-right: auto;margin-bottom: calc(0.666 * var(--global--spacing-vertical));margin-left: auto;line-height: var(--wp--typography--line-height,var(--global--line-height-body));max-width: var(--responsive--aligndefault-width);font-family: -apple-system, BlinkMacSystemFont,\">Escritor, periodista y pol\u00edtico uruguayo, naci\u00f3 el 19 de marzo de 1845 en Montevideo y falleci\u00f3 el 24 de octubre de 1879 en Montevideo<\/p>\n<p style=\"padding: 0px;margin-top: calc(0.666 * var(--global--spacing-vertical));margin-right: auto;margin-bottom: calc(0.666 * var(--global--spacing-vertical));margin-left: auto;line-height: var(--wp--typography--line-height,var(--global--line-height-body));max-width: var(--responsive--aligndefault-width);font-family: -apple-system, BlinkMacSystemFont,\"><em>Adicional<\/em><em style=\"font-style: italic;max-width: var(--global--spacing-measure);font-family: -apple-system, BlinkMacSystemFont,\">:<\/em><\/p>\n<p style=\"padding: 0px;margin-top: calc(0.666 * var(--global--spacing-vertical));margin-right: auto;margin-bottom: calc(0.666 * var(--global--spacing-vertical));margin-left: auto;line-height: var(--wp--typography--line-height,var(--global--line-height-body));max-width: var(--responsive--aligndefault-width);font-family: -apple-system, BlinkMacSystemFont,\"><em style=\"font-style: italic;max-width: var(--global--spacing-measure);font-family: -apple-system, BlinkMacSystemFont,\">Michel: UY 673.<span class=\"Apple-converted-space\">&nbsp;<\/span><br \/>\nCat\u00e1logo Yvert et Tellier: UY 564,<span class=\"Apple-converted-space\">&nbsp;<\/span><br \/>\nCat\u00e1logo Stanley Gibbons: UY 906.<span class=\"Apple-converted-space\">&nbsp;<\/span><br \/>\nC\u00f3digo del cat\u00e1logo Stamp Number UY 542. &nbsp;<br \/>\nFormato de la pieza Sello.<\/em><br \/>\n<span style=\"font-family: -apple-system, BlinkMacSystemFont,\">Valor facial del sello&nbsp; 5 Cent\u00e9simo Uruguayo.<\/span><br \/>\n<span style=\"font-family: -apple-system, BlinkMacSystemFont,\">Tama\u00f1o del sello ancho y alto: 23 x 26 mm. &nbsp;<\/span><br \/>\n<span style=\"font-family: -apple-system, BlinkMacSystemFont,\">Dentado: 11.<\/span><br \/>\n<span style=\"font-family: -apple-system, BlinkMacSystemFont,\">Papel: Canto grueso. &nbsp;<\/span><br \/>\n<span style=\"font-family: -apple-system, BlinkMacSystemFont,\">&nbsp;Marca de agua: Ninguna . &nbsp;Tipo de impresi\u00f3n de la estampilla Rebaje. &nbsp;Colores: carm\u00edn. &nbsp;Sellos por pliego: 100 . &nbsp;Cantidad de sellos postales emitidos 30.000.000.<\/span><br \/>\n<em style=\"font-style: italic;max-width: var(--global--spacing-measure);font-family: -apple-system, BlinkMacSystemFont,\">Serie: Personalidades.<\/em><\/p>","protected":false},"excerpt":{"rendered":"<p>Sello uruguay 1945, Jos\u00e9 Pedro Varela, Usado Yvert 564 Jos\u00e9 Pedro Varela Escritor, periodista y pol\u00edtico uruguayo, naci\u00f3 el 19 de marzo de 1845 en Montevideo y falleci\u00f3 el 24 de octubre de 1879 en Montevideo Adicional: Michel: UY 673.&nbsp; Cat\u00e1logo Yvert et Tellier: UY 564,&nbsp; Cat\u00e1logo Stanley Gibbons: UY 906.&nbsp; C\u00f3digo del cat\u00e1logo Stamp &hellip;<\/p>\n<p class=\"read-more\"> <a class=\"thunk-readmore button\" href=\"https:\/\/filatelia.cuentista.es\/en\/product\/sello-uruguay-1945-jose-pedro-varela-usado\"> <span class=\"screen-reader-text\">Sello uruguay 1945, Jos\u00e9 Pedro Varela, Usado<\/span>Read More<\/a><\/p>","protected":false},"featured_media":1573,"comment_status":"open","ping_status":"closed","template":"","meta":[],"product_brand":[],"product_cat":[20,763],"product_tag":[769,768,629,767],"class_list":["post-1574","product","type-product","status-publish","has-post-thumbnail","product_cat-sellos-usados","product_cat-uruguay","product_tag-769","product_tag-proceres","product_tag-uruguay","product_tag-varela","thunk-woo-product-list","opn-qv-enable","open-woo-hover-zoom","open-single-product-tab-horizontal","open-shadow-","open-shadow-hover-","first","instock","sale","shipping-taxable","purchasable","product-type-simple"],"jetpack_sharing_enabled":true,"_links":{"self":[{"href":"https:\/\/filatelia.cuentista.es\/en\/wp-json\/wp\/v2\/product\/1574","targetHints":{"allow":["GET"]}}],"collection":[{"href":"https:\/\/filatelia.cuentista.es\/en\/wp-json\/wp\/v2\/product"}],"about":[{"href":"https:\/\/filatelia.cuentista.es\/en\/wp-json\/wp\/v2\/types\/product"}],"replies":[{"embeddable":true,"href":"https:\/\/filatelia.cuentista.es\/en\/wp-json\/wp\/v2\/comments?post=1574"}],"version-history":[{"count":0,"href":"https:\/\/filatelia.cuentista.es\/en\/wp-json\/wp\/v2\/product\/1574\/revisions"}],"wp:featuredmedia":[{"embeddable":true,"href":"https:\/\/filatelia.cuentista.es\/en\/wp-json\/wp\/v2\/media\/1573"}],"wp:attachment":[{"href":"https:\/\/filatelia.cuentista.es\/en\/wp-json\/wp\/v2\/media?parent=1574"}],"wp:term":[{"taxonomy":"product_brand","embeddable":true,"href":"https:\/\/filatelia.cuentista.es\/en\/wp-json\/wp\/v2\/product_brand?post=1574"},{"taxonomy":"product_cat","embeddable":true,"href":"https:\/\/filatelia.cuentista.es\/en\/wp-json\/wp\/v2\/product_cat?post=1574"},{"taxonomy":"product_tag","embeddable":true,"href":"https:\/\/filatelia.cuentista.es\/en\/wp-json\/wp\/v2\/product_tag?post=1574"}],"curies":[{"name":"wp","href":"https:\/\/api.w.org\/{rel}","templated":true}]}}

Sello uruguay 1945, José Pedro Varela, Usado

<p>Sello uruguay 1945, José Pedro Varela, Usado</p>
<p>Yvert 564</p>
<h2 class="wp-block-heading" style="padding: 0px;margin-top: calc(0.666 * var(--global--spacing-vertical));margin-right: auto;margin-bottom: calc(0.666 * var(--global--spacing-vertical));margin-left: auto;clear: both;font-family: -apple-system, BlinkMacSystemFont,">José Pedro Varela</h2>
<p style="padding: 0px;margin-top: calc(0.666 * var(--global--spacing-vertical));margin-right: auto;margin-bottom: calc(0.666 * var(--global--spacing-vertical));margin-left: auto;line-height: var(--wp--typography--line-height,var(--global--line-height-body));max-width: var(--responsive--aligndefault-width);font-family: -apple-system, BlinkMacSystemFont,">Escritor, periodista y político uruguayo, nació el 19 de marzo de 1845 en Montevideo y falleció el 24 de octubre de 1879 en Montevideo</p>
<p style="padding: 0px;margin-top: calc(0.666 * var(--global--spacing-vertical));margin-right: auto;margin-bottom: calc(0.666 * var(--global--spacing-vertical));margin-left: auto;line-height: var(--wp--typography--line-height,var(--global--line-height-body));max-width: var(--responsive--aligndefault-width);font-family: -apple-system, BlinkMacSystemFont,"><em>Adicional</em><em style="font-style: italic;max-width: var(--global--spacing-measure);font-family: -apple-system, BlinkMacSystemFont,">:</em></p>
<p style="padding: 0px;margin-top: calc(0.666 * var(--global--spacing-vertical));margin-right: auto;margin-bottom: calc(0.666 * var(--global--spacing-vertical));margin-left: auto;line-height: var(--wp--typography--line-height,var(--global--line-height-body));max-width: var(--responsive--aligndefault-width);font-family: -apple-system, BlinkMacSystemFont,"><em style="font-style: italic;max-width: var(--global--spacing-measure);font-family: -apple-system, BlinkMacSystemFont,">Michel: UY 673.<span class="Apple-converted-space">&nbsp;</span><br />
Catálogo Yvert et Tellier: UY 564,<span class="Apple-converted-space">&nbsp;</span><br />
Catálogo Stanley Gibbons: UY 906.<span class="Apple-converted-space">&nbsp;</span><br />
Código del catálogo Stamp Number UY 542. &nbsp;<br />
Formato de la pieza Sello.</em><br />
<span style="font-family: -apple-system, BlinkMacSystemFont,">Valor facial del sello&nbsp; 5 Centésimo Uruguayo.</span><br />
<span style="font-family: -apple-system, BlinkMacSystemFont,">Tamaño del sello ancho y alto: 23 x 26 mm. &nbsp;</span><br />
<span style="font-family: -apple-system, BlinkMacSystemFont,">Dentado: 11.</span><br />
<span style="font-family: -apple-system, BlinkMacSystemFont,">Papel: Canto grueso. &nbsp;</span><br />
<span style="font-family: -apple-system, BlinkMacSystemFont,">&nbsp;Marca de agua: Ninguna . &nbsp;Tipo de impresión de la estampilla Rebaje. &nbsp;Colores: carmín. &nbsp;Sellos por pliego: 100 . &nbsp;Cantidad de sellos postales emitidos 30.000.000.</span><br />
<em style="font-style: italic;max-width: var(--global--spacing-measure);font-family: -apple-system, BlinkMacSystemFont,">Serie: Personalidades.</em></p>

<p>Sello uruguay 1945, José Pedro Varela, Usado Yvert 564 José Pedro Varela Escritor, periodista y político uruguayo, nació el 19 de marzo de 1845 en Montevideo y falleció el 24 de octubre de 1879 en Montevideo Adicional: Michel: UY 673.&nbsp; Catálogo Yvert et Tellier: UY 564,&nbsp; Catálogo Stanley Gibbons: UY 906.&nbsp; Código del catálogo Stamp &hellip;</p>
<p class="read-more"> <a class="thunk-readmore button" href="https://filatelia.cuentista.es/en/product/sello-uruguay-1945-jose-pedro-varela-usado"> <span class="screen-reader-text">Sello uruguay 1945, José Pedro Varela, Usado</span>Read More</a></p>
